 -22) + -43.
-24
-17 + 21 - ((53 - 58) + (1 - 2) - 51)
61
Evaluate -28 - (-88 - -54 - -7).
-1
What is the value of 14218 + -14264 - (-110 - -2)?
62
Calculate (-4 - -21) + (-49 - (-53 + 37)).
-16
13 + -96 + -1 + (-2 - (-3 + -3)) + -5
-85
What is the value of (0 - (-1 + 72)) + 181 + (63 - 255)?
-82
Evaluate (-5 - (1 + -3)) + -61 - ((-29 - -29) + 11).
-75
What is (77 + -62 - 38) + (-2 - -49)?
24
Evaluate -14 + 15 - -11 - -9.
21
Calculate (-6 - (-9 + -6) - (-5 - -21)) + 2.
-5
Evaluate (-96 - 1) + (-405 - -391).
-111
What is the value of (-1 - -47) + -3 + 6 + -7?
42
Calculate 2 + -71 + -870 + 907.
-32
Evaluate (21 + -7 - (20 + 65)) + 10.
-61
Calculate -55 - (9 + (-22 - 77)).
35
What is the value of (11 - (5 - 10)) + 75 + -50?
41
What is (-93 - -96) + 8 + (-2 - (6 - 5) - -118)?
126
What is the value of -42 + 12 + 43 + -3 + 47?
57
What is the value of -29020 + 29119 + (3 - 4) + (1 + -1 - 2)?
96
What is the value of (-5574 - -5541) + (-2 - (-1 + -5 + 0))?
-29
Calculate 4 + -50 + (36 - (-14 - -146)).
-142
Calculate (55 - 8) + -45 - 51.
-49
What is 9 - (-11 + (11 + -6 - 0) + -15)?
30
4 + -10 + 16 + -92 - (38 + -56)
-64
What is the value of 5 + (-6 - (11 - 1))?
-11
Evaluate (-19 - (39 - 58) - (9 + 5)) + -22.
-36
What is the value of 10 + (6 + 2 - (2 + (6 - 18)))?
28
Evaluate -9 + (-1 - 20 - (-47 + 2 - -32)).
-17
26 - (-8 + (-25 - (-7 - 18)))
34
What is the value of 83 + (-6 - 135) + 68?
10
What is the value of -10 - 5 - (10 - (-10 - (6 - 55 - -2)))?
12
What is the value of -18 - 2 - (8 + (30 - -31 - 2))?
-87
Calculate (626 + -713 - ((0 - -3) + (-12 - -4))) + 13.
-69
Evaluate (-2 - -17) + (6 + -19 - -51) + -15.
38
7 + (-3 - -7 - -2 - (-119 - -129)) + 92
95
-18 + 33 + -18 - ((-17 - -1) + (-67 - -75))
5
Calculate -50 + 72 - (-127 - -211).
-62
What is the value of -104 + 120 + 35 + 58?
109
Calculate -2 - (16 - (54 - (23 + -5))).
18
What is the value of 6 + 77 + -66 - (4 - -28)?
-15
Evaluate -51 + -25 + 31 + (-17 - 1).
-63
Evaluate -17 - (-51 - (57 + -19)).
72
Calculate (-10 - 31) + 11 + -11 + 10 + -2.
-33
What is the value of 126 + -44 + 37 + -98?
21
What is the value of 4 + ((10 - 5) + -2 - -25) + -88 + 96?
40
What is 53 + -1 + 351 + -377?
26
What is the value of (-4 - -5) + (470 + -456 - (2 - (-1 + -1)))?
11
What is 25 + (-13 - 52 - -42 - -14)?
16
What is -45 - -18 - -40 - 11 - (-6 + 2)?
6
(6 - 19) + 31 + 52
70
What is the value of 10 + (-29 - -27) + 3?
11
22 - (-9 - 32 - -30)
33
Calculate -3267 - -3165 - (-81 - -2).
-23
Calculate (19 + (8 - 5) - 12) + -42.
-32
What is (92 - (2 - 0 - (-8 - (-48 + 47)))) + 8?
91
Calculate -3344 - -3408 - (121 - -1).
-58
What is the value of -20 + (-19 + 0 - (-143 - -172))?
-68
What is the value of -19 + (53 - 21) - (10 - 2)?
5
Calculate 77 - (-63 + (52 - -15)) - (-1 + -19).
93
Calculate -1 + -7 + -33 - (-2 - 3).
-36
Calculate 24 - (119 - (37 + 24 + -31)).
-65
Calculate (4 - 18) + 6 + 24 + 21.
37
Evaluate (91 - (17 - -68) - (-1 - -163)) + 19.
-137
What is the value of 49 - (17 + 13 - (-28 - -54))?
45
Calculate 68 + (-38 - 10 - 38).
-18
11978 + -12094 - (-2 - 29)
-85
What is the value of 0 + 53 + (-65 - -53) + -27 + -11 + 28?
31
What is the value of 231 + -220 + 7 + (-5 - -42) - 14?
41
-5 - (-4 - (0 + -3 + 1)) - (-26 - -27)
-4
(-8 - -41) + 7 - (1 + -6) - (91 - 83)
37
Evaluate -8 - ((25 - -3) + -41 - -21).
-16
What is the value of 4840 - 4911 - (0 + -19)?
-52
16 + 66 + (84 - 230)
-64
What is the value of (35 - (-25 - -56)) + -1 + (-33 - 3) + -4?
-37
-41 - 0 - (4206 + -4217)
-30
What is the value of 9 + -9 + -84 + (26 - (0 - -28))?
-86
Calculate (36 - 6 - 38) + 1 + 0 + -73.
-80
Calculate 32 + 2 + 1928 + -1890.
72
Evaluate -4 + 1 - (-30 + 61 + -25) - (1 + 72).
-82
Evaluate (-7 - -12) + -5 + -13 + 7 + 1.
-5
What is the value of -25 + (22 + -9 - -21) + 97?
106
Evaluate -70 + 42 + 109 - 189.
-108
33 + -23 - (105 - 100)
5
Evaluate -158 + (-5 - -3) + (5 - (8 - 14)) + 13.
-136
What is the value of 3 + -29 - (-1234 + 1185)?
23
What is 5 + -51 - (-322 + 282)?
-6
-21 - (-25 + (13 - -38))
-47
What is (-26 - (-111 + 16)) + -34?
35
-12 + (-3 - 13) + 6 + 27 + -7 - 77
-79
What is 4 - ((-11 - -15) + -7) - (-87 - (-4 + -6))?
84
What is the value of -100 - (53 + -102) - -59?
8
What is the value of -149 + 1 + (-5147 - -5259)?
-36
103 + -1 + (-4 + -16 - -14 - (14 + -32))
114
What is the value of (-496 - -442) + (87 - 3)?
30
Evaluate -4 - -79 - ((24 - 15) + (1 - 6 - 3)).
74
(26 - (8 - (26 + -36))) + (1 - -12)
21
What is the value of 36 + (49 - 23) - (-2 + 21)?
43
What is the value of (-9 - (6 + -14)) + 0 + 2 + (78 - 67)?
12
What is 20 - (-27 + -5 - (-23 - -10))?
39
-1 + 13 + (-9 - (-18 + 30 + -16))
7
Calculate 7 + (-14 - -9) - (0 + -4 + 36).
-30
Calculate -8 + 2 + (-19 - -11) - (-46 - -1).
31
What is the value of 16 + 4 + -21 - -109 - 26?
82
Evaluate (53 - 14) + -38 - (-1 - 14).
16
Calculate -6 + -2 + (2 - 3) + (14 - (37 + -34)).
2
Calculate 6 + -4 + -4 + (59 - 125) - -13.
-55
Calculate 37 + -85 + -1 - -7.
-42
What is the value of (66 - (-8 + 54)) + -3 + -4?
13
What is the value of (-12 - (-5 - (-6 + -2))) + 16?
1
Calculate 61 + -71 - (7 - (4 - -22)).
9
What is -92 - -3 - (-27 + -36 + 43 - (-11 - 3))?
-83
Evaluate 2 + 72 - (-8 + (21 - 37) + 30).
68
Evaluate -25 - -25 - (7 - (-5 + 82)).
70
Evaluate -10 - (39 + -6 + -15) - -16.
-12
What is -1 + (33 + -15 + (6 - 2) - 16)?
5
What is -25 + (16 - 60) + 14?
-55
Evaluate (-28 - (-118 - -40)) + -21.
29
Evaluate (-3 - (48 + 29)) + 3 - 11.
-88
Evaluate (-5 - -6) + (-1 - -15 - 0) + -19 - -42.
38
Calculate 28 - (-81 - -141) - -113.
81
Evaluate -97 + -1 + 6 + 22 + 26 + -48 + -4.
-96
What is (-16 - (29 - (32 - -7))) + 58?
52
What is 26 + 2 + (-133 - (-44 + 41))?
-102
46 + -32 + -16 + 61
59
What is 1 + 2 + -10 + (1 - 2) - -3?
-5
What is the value of 12 + 30 + -76 + 50 - -106?
122
Calculate (-20 + 4 - (1 - 7)) + 1 - (-157 - -64).
84
75 - ((51 - 38) + 36)
26
What is (-9 - (-43 - (-17 - -3))) + 18?
38
Evaluate 32 + -16 + (-11 - -6) + -6.
5
Calculate -19 + (-130 - 14) + 93.
-70
What is the value of -1 + (-10 - 2) - (-41 + -77 + 151)?
-46
What is -117 + 18 + 10 - -52?
-37
What is 20 + (12 - 5 - (-10 + 13) - (-56 - -72))?
8
Calculate (-10 - -35) + -7 + -136 + (31 - 5).
-92
-1299 + 1270 + 86 + 2 + 2
61
Calculate 3 - (-44 + -4 + (36 - 39)).
54
34 + -10 + (33 - 40 - (-1 - 25)) + -1
42
What is 51 - ((22 - 50) + -2)?
81
Calculate (5 - (3 + -15)) + (60 - 59).
18
(56 - 5) + 7 - 62
-4
What is the value of 31 + -1 + 0 - (86 - (57 + 34))?
35
Calculate -2279 - -2210 - (-66 + -4).
1
Evaluate -191 + 143 + (38 - 13).
-23
Evaluate 45 + (-3 - -17) + (2 + -3 - (-4 - -10)).
52
What is 12 + -11 + (0 - 21) - 33?
-53
What is the value of (1 - -36 - (-29 - -33)) + 21 + -28?
26
(-3 - (-5 + 3) - (184 - 175)) + -10
-20
Calculate 40 + (578 - 594 - (18 + 0)).
6
Calculate -13 + 3 + -12 + -10 + 17 + (-5 - -11).
-9
Evaluate 115 + (-33 - -7) + -35.
54
What is (8 + -14 + -5 - (-4 + -12 + 12)) + 53?
46
Evaluate (-9 - -10) + (-21 + 34 - 13).
1
Evaluate (63 - 2) + (-1913 - -1883).
31
Evaluate -82 - (52 + -178) - 26.
18
Evaluate 0 + -8 - (17 - (25 + 6)).
6
Calculate -106 - (2 + -1 + (-3 + -32 - -23)).
-95
Evaluate -90 - 9 - (-21 - 25 - -31).
-84
What is 53 + (69 - (-50 - -172))?
0
What is 1 + (8 - 2) + (136 - 151) - -15?
7
150 + (-75 - 51) + (-6 - 2)
16
Evaluate (-15 - 1 - -16 - 5) + -33 + 1 + 2.
-35
What is 125 + -11 - (252 + -174)?
36
-63 + (15 - -90 - 40)
2
Calculate 1008 - 1121 - (-9 + -40).
-64
What is -18 - -5 - -1 - ((-15 - -11) + -6 - -20)?
-22
33 + (-75 - -29) + 10
-3
36 - (-8 + 18 - 18) - 4 - -5
45
What is (1 - -5 - (15 - -23 - 52)) + -69?
-49
What is the value of 3 - 2 - ((16 + -14 - (11 + -1)) + -5)?
14
-13 + 4 + (0 - 72) + (237 - 242)
-86
What is the value of 113 - (-51 + 88 - 2)?
78
What is the value of -11 + 0 + 33 - (19 - 2) - -60?
65
What is 1290 + -1326 - (-14 - (-3 - -5))?
-20
(-14 - -54) + -14 - 194 - (-25 + 3)
-146
What is the value of 36 + -1 - 4 - (3593 - 3459)?
-103
Evaluate 46 + (-7 - -16) - (10 + 7 + -10).
48
What is (-34 - -27) + 15 + -28?
-20
What is -205 + 261 - (17 - 1 - 3)?
43
Calculate -50 + (2 + 8 - (2 - 73 - -88)).
-57
What is the value of -2 + 88 - (379 + -324)?
31
Evaluate 118 - (1 - -5) - (-13 + 55 + -24).
94
Calculate (-4 - (-2 + 3)) + (1 - (-1 - 17)) - 6.
8
Evaluate -68 + 81 + (37 - 130).
-80
(0 - (-2 - -1)) + (